 c(d).
4
Suppose -2*m = -w - 11, 3*m + 26 = -2*w - 31. Let c = 17 + w. Let s(y) be the third derivative of -y**6/120 - y**5/12 - 5*y**4/24 + y**3/3 + y**2. Give s(c).
6
Let c(s) = -s + 4. Let m be 2/(-7) + 60/14. Let t be c(m). Let h(q) = -q**2 - 2*q**3 - 2*q - 3*q + 3*q**3 + 4*q + 4. Give h(t).
4
Let n(k) = -2*k + 1. Suppose 0 = -2*h + 2*v - 14, 22 = 2*h - 6*h + v. Calculate n(h).
11
Suppose 0 = -4*f + 4 - 0. Suppose 3*j - 4 = 2*j. Let s(z) = -3*z + j - 3 + 3*z**2 + 2*z. Determine s(f).
3
Let y(z) = 9 - 19 - z**2 + z**3 + 7 + z + 2*z**2. Let k = 4 + -4. What is y(k)?
-3
Let j be (-6 - 0)*(-3)/9. Suppose 4*v + j*i = 18, -2*v - i + 2*i = 1. Let x(f) = -2*f**v - 6 + 5 + 3*f**2. What is x(1)?
0
Suppose 6*r - 2*r = -3*n + 17, 4*n - 18 = -3*r. Let o(z) = -7 + 4*z + 3*z**3 + 0*z - r*z**3 - 3*z. What is o(0)?
-7
Let t(o) = -o**3 - 5*o**2 - 3*o + 3. Let y be t(-4). Let a(p) be the first derivative of p**2 - p + 5. Determine a(y).
-3
Let g = -9 - -11. Let s(z) = -z - 2. What is s(g)?
-4
Suppose 9 = -4*r - g - 3, 4*r = -3*g - 12. Let a be (-3)/12 + (-10)/(-8). Let b(u) = 3 + 0 - a + 17*u - 16*u. Determine b(r).
-1
Let o(r) = 2*r + 1. Let d(n) = -2*n - 1. Let h(s) = 4*d(s) + 5*o(s). What is h(-8)?
-15
Suppose 2*x - 3*x - 4 = 0. Let m be -4 - -3 - (-1 + x). Let b(p) be the first derivative of p**4/4 - p**3 - 2*p**2 - 5*p - 2. What is b(m)?
-5
Let a(p) be the third derivative of -p**5/60 - p**3/6 + 4*p**2. Determine a(-3).
-10
Let i(a) be the first derivative of -1 + 5*a + a**2 - 3*a + 2*a + a**2. Give i(-3).
-8
Let f(n) = -n + 14. Let b(q) = 4*q - 63. Let z(v) = 2*v - 31. Let s(m) = -2*b(m) + 5*z(m). Let u(d) = 5*f(d) + 2*s(d). Let p be (15/10)/(3/10). Determine u(p).
7
Let w(g) = g**2 - 5*g**2 - 3*g**2 - 6 + 2*g + 7. Suppose 0 = -3*i - 2 - 1. Calculate w(i).
-8
Let b(n) = -2*n**2 - 2*n. Let x be 4 + -1 - 7/(-7). Let i be (-160)/90 - x/18. Give b(i).
-4
Suppose 2*x = 7 + 17. Let p(r) = x*r - 8*r**2 - 12*r + 1. Calculate p(-1).
-7
Suppose 5*a = -5*w - 46 - 19, 2*a = -5*w - 59. Let q = 15 + w. Let v(b) = b + 2. Calculate v(q).
6
Let b(v) = -v + 15. Let r = -12 - -7. Let g(y) = y - 8. Let l be (1/(-2))/(4/24). Let i(q) = l*b(q) + r*g(q). Calculate i(-5).
5
Let k(t) = -2*t**3 + 5*t**2 - 3. Let z(g) be the first derivative of g**4/4 - 4*g**3/3 + 2*g + 2. Let i(x) = 2*k(x) + 3*z(x). Let v = -2 + -1. What is i(v)?
9
Let n be (2/5)/((-3)/(-15)). Let q(x) = -x**n + 2 + 3 - 9 + 3*x. What is q(3)?
-4
Let p(x) = -x + 1. Suppose u - 1 = -0*u. Let v(l) = l**2 - 5*l - 4. Let t(q) = u*v(q) - 2*p(q). Give t(5).
4
Suppose 15 + 15 = -5*p. Let d(i) = 3*i + 6. What is d(p)?
-12
Let y(n) = n - 2. Let t be y(5). Let i(m) = -m**2 + 2*m + 2. Give i(t).
-1
Let l(a) = 0*a**2 + a - 2 + 4 - a**2. Determine l(3).
-4
Let j(d) be the first derivative of d**5/60 + 5*d**4/24 - d**2 - 2. Let g(u) be the second derivative of j(u). Let h = -10 + 6. Determine g(h).
-4
Suppose 5*j - 14 + 0 = 2*v, -14 = -3*j + 4*v. Suppose 0 = 2*t + j*t. Let k(s) = -328*s + 7 + 327*s + 2. Give k(t).
9
Let h(l) = -3*l + 4. Let a(c) = c - 6. Let q be a(9). Suppose g + g + n - q = 0, 4*g - 4*n = 24. What is h(g)?
-5
Let p(f) be the second derivative of f**3/6 + f**2/2 - f. Let d(s) = -4*s. Let z(i) = -2*d(i) - 6*p(i). Determine z(4).
2
Let i(l) = 0*l - 1 + l**2 + 0*l**2 + 2*l. Let x = 64 + -41. Suppose x = -b - 4*r - 0*r, -4*r - 14 = -2*b. Calculate i(b).
2
Let r(v) = 1 + 3 - 3 + v - 2. Calculate r(6).
5
Let s(c) = -9*c**2 - 8*c + 1. Let t(r) = 4*r**2 + 4*r. Let m(b) = 3*s(b) + 7*t(b). Suppose 0*i + 4*i - 20 = 0. Let g = -10 + i. What is m(g)?
8
Suppose 5*u = 4*a + 4, -1 = -3*a - 5*u - 4. Let d(k) = 7*k + 1. Calculate d(a).
-6
Let j(n) = -n**2 - 2*n + 5. Let u = -19 - -15. What is j(u)?
-3
Let a(f) = -f - 1. Let r be a(-4). Suppose -5*t + 4*z + r = 0, 0*t + 4*z = -5*t + 27. Let y(u) = u**3 - 4*u**2 - 3. What is y(t)?
-12
Let s(o) = o**2 - 5*o + 7. Suppose -4*v - n = -5*v, -3 = 3*n. Let t be 10/6 - v/3. Suppose 0 = 4*m + 4, 2*m - t = -l - m. Give s(l).
7
Let c(u) = 6*u**2 - 14*u - 1. Let a(o) = 5*o**2 - 13*o. Let p(g) = 5*a(g) - 4*c(g). Calculate p(8).
-4
Let f(k) = k**2 - 5*k + 4. Let d(r) = -r**3 + r**2 + 3*r - 2. Let m be d(2). Suppose -x = 4*p + 8, 2*p - 14 = -5*x - m*p. Calculate f(x).
0
Let v(w) be the first derivative of w**4/4 + 2*w**3/3 - w**2/2 + 4. What is v(-2)?
2
Suppose 3*z + 17 = -4*c, 4*c - 2*z = -z - 5. Let h(m) = 5*m**2 + 25*m. Let f(a) = -a**2 - 5*a. Let n(y) = c*h(y) - 11*f(y). What is n(-5)?
0
Suppose -5*b + 4 = -2*l + 5, 5 = -4*l + 3*b. Let j(q) be the second derivative of q**5/20 + q**4/12 + q**3/3 - q**2/2 + 4*q. Calculate j(l).
-9
Let q(w) = w + 4. Let c(f) = 4*f + 11. Let u(r) = -4*c(r) + 11*q(r). Give u(2).
-10
Let s(o) = -1. Let b(i) = -2 - 4*i + 4 + 5*i - 2*i. Let n(k) = b(k) + 2*s(k). Calculate n(-1).
1
Suppose -7 - 5 = 4*v. Let b(f) = 3*f + 4. Determine b(v).
-5
Let y(i) = 15*i - 11*i + 2*i**2 - 7*i. Determine y(2).
2
Suppose -5 = 2*o - o. Let r(p) = 19*p**2 - p + 22. Let a(h) = 7*h**2 + 8. Let b(k) = -11*a(k) + 4*r(k). Calculate b(o).
-5
Let q(k) = -k + 4. Let b(l) = -l**2 + 6*l + 6. Let z be b(6). Let w be q(z). Let f(p) = p**3 + 2*p**2 + 2*p + 2. What is f(w)?
-2
Suppose 0 = 5*v + 5*y - 20, v + 3*y - 7 = -1. Let n(k) = k**2 - 4*k - 7. Let x be n(6). Let g(c) = 6*c - 4*c - 6*c**2 + x*c**2 + v. Calculate g(4).
-5
Let f(m) = 2*m**2 + 10*m + 12. Let w be f(-6). Let r(h) = 20 + 2*h - w + h**2 - 5*h. Calculate r(3).
-4
Let j(c) = -c. Let t = 24 - 27. Calculate j(t).
3
Let m be -3*(0/2 - -1). Let l(p) = p**3 + 4*p**2 + 2*p - 3. What is l(m)?
0
Let i(a) = a**2 - 2*a - 1. Suppose -5*b = -h + 3, -2*h = 3*h + 10. Let f be (b + 2)/(-2 + 1). Let z = 2 - f. Calculate i(z).
2
Let d(t) be the first derivative of t**5/24 + t**4/4 + 2*t**3/3 + 5. Let r(x) be the third derivative of d(x). What is r(-4)?
-14
Let t = 0 + -4. Let f(j) = j - 5. Let o(w) = 2. Let i(p) = -2*f(p) - 7*o(p). Calculate i(t).
4
Let a(u) = u. Suppose 0*f + 3*f = 9. Let n be (1 - 9) + f/3. Let g be (-3 - n) + (-1 - 1). Give a(g).
2
Let d(s) be the first derivative of s**4/4 - 2*s**3 + 5*s**2/2 + 5*s - 9. Give d(5).
5
Suppose 0 = -4*g - 4, -f - 4*g = -2*g. Let q(u) = -2 - 3*u + 2*u - 6*u**2 + 3*u**3 + 4*u**2. Calculate q(f).
12
Let w(t) = 13*t - 2. Let h(d) = 38*d - 5. Let a(o) = 6*h(o) - 17*w(o). Give a(-3).
-17
Suppose -5*t + 8 + 17 = 0. Let a(d) = -1. Let b(h) = -h - 3. Suppose 2*r + 5*u - 23 = 0, 3*u = -2*r - 3*r + 10. Let j(x) = r*b(x) - 3*a(x). Calculate j(t).
11
Let b(f) be the second derivative of 1/24*f**4 - 1/2*f**2 + 0 + 1/3*f**3 + 3*f. Let t(l) be the first derivative of b(l). Calculate t(-6).
-4
Let y = 0 - -1. Let n(t) = y - 2*t**2 + 2 - 1 + t. Let i(a) = -a**2 - 5*a - 2. Let w be i(-4). Calculate n(w).
-4
Let j(f) = 10 - 2 - 9 + 5*f - 6*f. Let z = -11 - -6. Give j(z).
4
Let d(q) be the first derivative of -q**4/4 - q**3/3 + 5*q - 4. Calculate d(0).
5
Let x(s) = s + 2. Let z = 101 - 104. What is x(z)?
-1
Suppose -2 = 3*g - g. Let y be (-5)/(g*(-3)/(-3)). Let s(c) = -c**2 + 6*c + 4. Calculate s(y).
9
Let t(h) = -h**3 + 13*h**2 - 8*h + h - 1 - 6*h**2. Let c = -4 + 10. What is t(c)?
-7
Let i(k) = 4*k**2 - 1. Let j be i(-1). Suppose 31 = 3*z + j*h + 2*h, 5*z - 15 = -h. Let q(l) = 2 - 2*l**2 + 3*l**2 + 0*l**2 + z*l - 5. Calculate q(-4).
5
Let m be (-1)/(-3) + (-2)/(-3). Let j be 1/((1 - m) + -1). Let d(g) = -g - 4. Let z(f) = 1. Let o(n) = 2*d(n) + 9*z(n). What is o(j)?
3
Let g(m) = m**2 - 4*m - 2. Let k(j) = 5*j**2 - 21*j - 10. Let d(r) = 11*g(r) - 2*k(r). Let t be 1/2*(13 + -7). Calculate d(t).
1
Suppose 0 = 5*q - 5*i + 4 + 1, 2*i = 3*q. Let f(c) = -6*c - 6 + 5*c + 2*c**q - 7*c - 3*c**2. Calculate f(-6).
6
Let v(m) = -7*m. Suppose 3*s - 5*s = -40. Let o be ((-9)/5)/((-6)/s). Let c = o - 5. Determine v(c).
-7
Let w(z) be the second derivative of -1/2*z**3 + 0 + z - 2*z**2. What is w(-3)?
5
Let h(m) = -m**3 + 4*m**2 + m - 1. Let o be h(4). Let w(v) = v**2 - 4*v + 2. Determine w(o).
-1
Let a(y) be the first derivative of y**5/20 - y**4/3 + y**3/3 - y**2 - y + 3. Let v(g) be the first derivative of a(g). Determine v(2).
-6
Let t(h) = 5*h**2 + 1. Let q(c) = c**2 - 10*c + 14. Let i be q(9). Suppose -v - 4 = -i*v. Calculate t(v).
6
Let s(w) = -w - 1. Let x(v) = -v**3 + 30*v**2 - 30*v + 31. Let u be x(29). Suppose 4*c + c 